 by 11.
8
Suppose 2*s - 2*j - 3*j = 14, 5*j = -10. Suppose 0 = -4*q - 2*t - s*t + 24, -4*q = -4*t - 16. Calculate the remainder when 8 is divided by q.
3
Suppose -3*o - 3 = -0. Let y(d) = -17*d - 1. What is the remainder when 94*-1*3/(-6) is divided by y(o)?
15
Suppose f - 2*x + x = 4, 5*f - 2*x = 17. Suppose f*t - 5 - 1 = 0. Suppose t = 2*y - 2*l, l - 5 = -y - 2*l. What is the remainder when y is divided by 1?
0
Let p = -35 + 39. Let z be 6/2 - (-2)/(-2). Let d = z + p. What is the remainder when d is divided by 4?
2
Suppose -r = 4*u + 33, 10 = -2*r - 0*r. Let o = u - -11. Let n(i) = -i**3 + 4*i**2 + 2*i - 1. What is the remainder when n(4) is divided by o?
3
Let x = 11 - 0. Calculate the remainder when 43 is divided by x.
10
Let y be -3 - (3 - (4 + -2)). What is the remainder when y/(4/(-19)) + -3 is divided by 6?
4
Suppose -5*c = 20, -5*l - 4*c = -0*l - 4. Let h = -8 - -21. Calculate the remainder when (-2)/l - (-141)/6 is divided by h.
10
Let j(a) = -a - 5. Let h be j(-4). Let z = h + -1. What is the remainder when 28 is divided by (-4 + 10)/(z/(-5))?
13
Let m(b) = b**3 + 8*b**2 - 5*b - 3. Suppose -2*o = -29 - 21. Calculate the remainder when m(-5) is divided by o.
22
What is the remainder when 15 is divided by (3 + -9)/((-6)/8)?
7
Let r(b) = b - 13. Let i be r(12). Suppose 4*x + 16 = 4*j, 5*x = -0*j + j - 28. Let p = i - x. Calculate the remainder when 9 is divided by p.
4
Suppose 2*r = 3*r - 8. What is the remainder when 14 is divided by r?
6
Suppose 0 = 2*z - 6*z - 156. Calculate the remainder when z/(-6)*4 + -1 is divided by 13.
12
Let m(k) = -3*k**2 - 5*k**3 + 4*k - 2*k**2 - 1 + 4*k**3 - 2. What is the remainder when 17 is divided by m(-6)?
8
Suppose -200 = -15*n + 7*n. What is the remainder when n is divided by 10?
5
Suppose 24*b - 227 = 157. Calculate the remainder when 109 is divided by b.
13
Suppose 4 = -d + 1. What is the remainder when 26 is divided by -1 + 6/d - -10?
5
Suppose -4*c - 4*v + 0*v = -36, v = c - 1. Suppose 2*o - c*l - 70 = -o, o = 2*l + 24. What is the remainder when o is divided by 7?
6
Let d(g) = g**3 - 5*g**2 + 3. Let r be d(5). Suppose 79 = 2*w + r*f, f + 3*f = -5*w + 201. Calculate the remainder when w is divided by 14.
13
Let v be (-6)/4*132/18. Let t = -10 - v. Calculate the remainder when t is divided by 1.
0
Let z be 0 - (-2 + -3 + 3). Suppose -z*t = -0 - 16. Calculate the remainder when 21 is divided by t.
5
Suppose 8*n - 10 = 13*n. Let f(x) = x**3 + 3*x**2 + x. Calculate the remainder when 3 is divided by f(n).
1
Suppose 0 = 3*t - h - 22, -3*t + 5*h + 8 = -18. What is the remainder when 4*(-3)/6 + t is divided by 3?
2
Let o = 33 + -18. Let w(v) = 57*v**3 - v**2 + 2. What is the remainder when w(1) is divided by o?
13
Suppose a - 19 - 18 = 0. Suppose -5*i + a = 5*w - 128, 5*w - 17 = -i. Calculate the remainder when i is divided by 14.
9
Suppose 5*s + a = 0, -3*a = -0*s - 4*s. Suppose 2*r + 0*r - 14 = s. Calculate the remainder when 13 is divided by r.
6
What is the remainder when 3 - (-3 + 12/(-3)) is divided by 3?
1
Calculate the remainder when ((-10)/(-7))/((-1)/(-7)) is divided by (-1)/(-2 - 28/(-16)).
2
Suppose -3*o = -3*f + 456, 776 - 36 = 5*f - o. Calculate the remainder when f is divided by 37.
36
Let q(o) = -o**3 - 2*o**2 - 2*o - 13. Calculate the remainder when q(-5) is divided by 37.
35
Suppose 3*p - 13 = -k + 3, k = -4*p + 20. Suppose 4*i - i - 30 = -o, i - 23 = k*o. Calculate the remainder when 19 is divided by i.
8
Let m(a) = 12*a + 4. Let g be m(4). Let p = -17 + g. Let t = 57 + -39. Calculate the remainder when p is divided by t.
17
Let m = 40 - 35. Let v be 10/6 - (-3)/9. Let t = 4 - v. Calculate the remainder when m is divided by t.
1
Let m = 83 - 63. What is the remainder when 34 is divided by m?
14
Let n be 5 - (5 - 1 - 1). Calculate the remainder when n + -10 - -4 - -19 is divided by 10.
5
Suppose 28 = 6*a + 4. What is the remainder when 11 is divided by a?
3
Suppose 0 = -9*a + 7*a + 24. Calculate the remainder when 21 is divided by a.
9
Let z be (-2)/8 + 69/4. Suppose o = 5*x + 20, 3*x + 29 = 4*o - 0*x. Suppose -t = -o - z. Calculate the remainder when t is divided by 8.
6
Let s(a) = a**2 + 14. What is the remainder when s(7) is divided by 11?
8
Suppose 0 = -5*t + 2*r + 135, -4*r + 3 + 75 = 2*t. Calculate the remainder when 86 is divided by t.
28
Let n(q) = 2*q**2 - 12*q - 1. What is the remainder when 89 is divided by n(7)?
11
Let s = 132 - 78. Suppose -3*t = j + t - 27, -2*j = -4*t - s. Calculate the remainder when j is divided by 10.
7
Suppose 460 = 69*b - 49*b. Calculate the remainder when b is divided by 10 + (2 - 4)*-1.
11
Suppose 66 - 241 = -5*u. Calculate the remainder when 171 is divided by u.
31
Let q(f) = -7*f - 2. Calculate the remainder when q(-2) is divided by 5.
2
Let x(a) = a**3 - 10*a**2 + 5*a + 2. Let z be x(9). Let p = 16 - z. What is the remainder when p is divided by 17?
16
Suppose -1 = -0*g - g. Let j = -3 - -3. Suppose -7*k = -2*k - t, -5*t + 25 = j. Calculate the remainder when g is divided by k.
0
Suppose -128 = f - 3*f. Suppose -41 - 22 = 3*q. Let l = q + f. Calculate the remainder when l is divided by 15.
13
Suppose 58 = -25*h + 27*h. Calculate the remainder when 37 is divided by h.
8
Suppose 2*n = 10*n - 24. Suppose -3*s + 15 = -6*s, 0 = -4*o - 4*s - 12. What is the remainder when 2/(o - 1) - -2 is divided by n?
1
Let s = 49 + -44. What is the remainder when 14 is divided by s?
4
Suppose 5*l + 3 = -12. Let t(x) = 2*x**2 + 2*x - 1. Let o(p) = 3*p**2 + 4. What is the remainder when o(3) is divided by t(l)?
9
Let g(r) be the third derivative of r**5/60 - r**4/3 + 3*r**3/2 - 4*r**2. What is the remainder when 17 is divided by g(8)?
8
Let k = -14 - -45. Suppose 3*y - 38 = -3*j - 8, 3*j - 29 = -4*y. Calculate the remainder when k is divided by j.
9
Let t(v) = 10*v**3 - v**2. Calculate the remainder when 42 is divided by t(1).
6
Suppose 0 = -2*k - 5*y - 10, 23 + 6 = 5*k - y. Let v(j) = j**3 - 11*j**2 - 11*j - 10. Calculate the remainder when k is divided by v(12).
1
Suppose -11 - 20 = -5*o - 4*m, -4*m = -16. Let a = 14 + -10. Let z = a + 0. Calculate the remainder when z is divided by o.
1
Suppose -2*u = -2 - 4. What is the remainder when (0 + -12)*(-6)/9 is divided by u?
2
Suppose 0*t + 5*t - 15 = 0. Suppose 0 = 4*z - 3*z - i - 16, -t*z - 3*i + 48 = 0. Calculate the remainder when 77 is divided by z.
13
Let y(t) = t**2 - 5*t - 4. Let i be y(6). Let o = 6 - -16. Calculate the remainder when o is divided by (24 - 2)/i - -1.
10
Let s = -3 + 5. Suppose 3*y + 3 = 0, 2*y - y = s*k - 67. What is the remainder when k is divided by 17?
16
Suppose -64 = -4*g + u + 2*u, 0 = 2*u. Suppose -8*z + 4*z + g = 0. Calculate the remainder when 6 is divided by z.
2
Suppose -12 + 3 = -3*i. Suppose g = i*h - 58, -g = 2 - 4. What is the remainder when h is divided by 7?
6
What is the remainder when ((-4)/1)/((-4)/104) is divided by 21?
20
Let t(o) = 3*o**2 + o. Let u = -7 - -5. What is the remainder when 29 is divided by t(u)?
9
Suppose -4*h + 3*h + 10 = m, m = 5*h - 56. Let r = -4 + h. Let i = 24 + -20. What is the remainder when r is divided by i?
3
Let y(z) = -z**3 - 8*z**2 + 10*z + 13. Let d = -5 + 7. Suppose 9 = -d*h + 3*v - 0*v, -15 = 5*v. Calculate the remainder when 6 is divided by y(h).
2
Suppose -5 = -3*i + 4. Suppose -u = 5*l - 112, 4*u = i*l - 4*l + 11. Suppose -w + 43 = 4*r - 0*w, 3*w = -15. Calculate the remainder when l is divided by r.
11
Let v(t) = t**2 - 2*t - 5. Let p(z) = 3*z**2 + 3*z - 5. Calculate the remainder when p(-5) is divided by v(6).
17
Let i(q) = 2*q**3 - 6*q**2 - 3*q - 1. Calculate the remainder when 49 is divided by i(4).
11
Suppose 6 = 5*r - 4. Let l(x) = x**2 + x - 2. What is the remainder when l(2) is divided by r?
0
Let b = 43 - 43. Let j(a) = -4*a + 3*a + 10 + 2*a. Calculate the remainder when 18 is divided by j(b).
8
Suppose 4*y - 172 - 8 = 0. What is the remainder when y is divided by 12?
9
Suppose 48 = 2*s - 5*w, 4*w + 3 = 4*s - 93. Suppose 5*y - 9 = 1. Let q = 15 - y. What is the remainder when s is divided by q?
11
Let o(i) be the first derivative of i + 2 + i + i**2 - 6 + 4*i**2. What is the remainder when o(2) is divided by 8?
6
Let i(a) = 5*a**2 - 5*a + 2. Let s be i(4). Calculate the remainder when 18 is divided by s/6 - (-2)/(-6).
8
L